*r**2 - 16*r - 36. Determine n(-7).
-2
Let s = 462 - 460. Suppose 2*j + 5*c + 4 = 3*c, 0 = c + 4. Let f(q) = j - 6*q + q - 46*q**s + 45*q**2. Determine f(-6).
-4
Let d(x) = -x**2 + 10*x - 9. Suppose 0 = -16*q + 70 - 22. Suppose 2*r - 3 = -5*l, -2*l = -2*r + q*r - 3. Give d(r).
0
Let u(x) = -x - 1. Let y = -365 - -372. Determine u(y).
-8
Let a(j) = -4*j - 2*j**2 - 4 + 0*j - 5 + 10 + 2. Determine a(-5).
-27
Let p(h) = h**3 + 3*h**2 + 4*h + 2. Suppose -16*n - 27 = -7*n. What is p(n)?
-10
Let f(b) = 3*b**2 + 8*b - 1. Let p(i) = -3*i + 6*i**2 + 8*i - 1 - 4*i**2. Let d(n) = 5*f(n) - 8*p(n). Let g be 4/(-6) + 6/9. Give d(g).
3
Suppose 2*s = -2*s + 16. Let w be (-222)/(-30) + (-4)/10. Let t(c) = -3*c + 2 - w + 4*c. Give t(s).
-1
Let i(h) = -3 + 20*h - 9*h + 0 - 15*h + 3*h**2. Let c(v) = v**3 - 12*v**2 + v - 14. Let b be c(12). What is i(b)?
17
Let i(s) be the third derivative of -s**6/120 - s**5/12 + s**4/24 + 2*s**3/3 - 3*s**2 + 8. What is i(-5)?
-1
Let u(k) = -k**3 + k**2 - 1. Suppose 2*a - 28 = 8. Suppose 4*f + a = -n, -4*n = -5*n + 2*f. Let q = -4 - n. Determine u(q).
-5
Suppose -2*q + 11 = -2*k + q, -2 = -2*q. Let m = -2 - k. Let a(w) = 0*w - w + m*w + 2*w. Give a(-1).
-3
Let g = 52 + -36. Let a(t) = -g - t - 26 + 42. Give a(0).
0
Let x = 3 - -1. Let k(t) = -24 - 2*t + 23 + 6. What is k(x)?
-3
Let l(c) = -3*c**3 + 8*c**2 + c. Let d(y) = -4*y**3 + 8*y**2 - 1. Let m(w) = 4*d(w) - 5*l(w). What is m(-8)?
36
Suppose -5*l - 2 = -22. Suppose l*p - 2 = 2*c, 5*p - c + 5*c - 35 = 0. Let g(f) = -5*f + 4. Determine g(p).
-11
Let d(n) = 3*n - 10. Let h be d(4). Let f(p) = -12 - p + 2*p + 14 - p**2 + 0*p**h + p**3. Calculate f(2).
8
Let g = -18 - -22. Suppose -3*j + g = 2*y, 3*j = j + 2*y + 6. Let a(k) = 2*k**3 - 3*k**3 + 11*k + 2*k**2 - 9*k. Calculate a(j).
4
Let l = -79 + 83. Let f(c) = 22 - 7 - l - 2*c. What is f(8)?
-5
Let p(s) = s - 8. Suppose -19*b + 18*b = -3*d - 7, 0 = 5*b - 3*d + 13. Calculate p(b).
-13
Let a(c) = c**3 - c**2 - 2*c + 3. Suppose 5*m - 20 = -5*t, 4*m - 32*t - 4 = -30*t. Calculate a(m).
3
Let u(l) = -l**2 - 3. Let n be (-16)/(-5 - (0 - 3)). Suppose 0 = 2*o + 2*m - n, 20 = -3*o - o + 5*m. Calculate u(o).
-3
Let v(o) be the second derivative of -o**6/80 + o**5/120 - 11*o**4/6 - 2*o. Let l(r) be the third derivative of v(r). Let w = -3 + 2. Give l(w).
10
Let v(i) = -23*i - 248. Let a be v(-11). Let p(b) = b**2 - 3*b - 5. Give p(a).
5
Let m(k) = -2 + 5 + 3*k - 12. Suppose 2*q - 6*q - 10 = 2*j, 0 = -4*j + 3*q - 20. Let v = j - -11. Calculate m(v).
9
Let r(n) = -32*n**2 - 19 + 103*n**2 - 32*n**2 - 38*n**2 + 6*n. Determine r(-9).
8
Let b(a) be the third derivative of a**7/5040 - a**6/720 + a**5/15 + a**2. Let t(h) be the third derivative of b(h). Let r = -10 - -10. What is t(r)?
-1
Let u(b) = 25*b**3 + b**2 - b + 1. Let h be u(1). Suppose -p + 5*x = -0*p - 25, -4*x = -2*p + h. Let v(i) = -i**2 + 0*i - 70 + 24 + 27 + 22 + 2*i. What is v(p)?
-12
Let a be -1 + 0 + 4 + 2. Suppose j + 8 = -3*g + g, 2*j - a*g = -16. Let x be 0 - 4/j*-2. Let r(p) = 14*p. What is r(x)?
-14
Let d be 8/(-4) + 18/2. Let g = d - 11. Let n be 3 + g*1/(-4). Let h(x) = -x**3 + 5*x**2 - 4*x - 5. Determine h(n).
-5
Let b(c) be the third derivative of c**5/20 - c**3/6 - 10*c**2. Calculate b(1).
2
Let a(w) = w**2 - 6*w - 7. Let g = -42 + 5. Let o be g/(-2) + (-6)/(-12). Let f = 24 - o. Give a(f).
-12
Suppose 7*s - 2*s = -5*x + 5, 0 = 2*x - 2*s - 6. Let z = 304 - 304. Let o(c) = z*c + 3*c**2 - c**3 + x*c + 1 + 5*c. Calculate o(5).
-14
Let i be -3*(-57)/9*1. Suppose -z + l = 4, l = 6*z - 2*z + i. Let x(p) = -p - 2. What is x(z)?
3
Let u = -15 + 15. Let c(n) = n**3 - n**2 + 3. Calculate c(u).
3
Let k(c) be the second derivative of -5*c**4/12 + c**3/6 - c**2/2 + c + 3. Let d = 20 + -22. What is k(d)?
-23
Let t = 596 - 595. Let n(h) = -h**3 - 2*h**2 + 2*h. Determine n(t).
-1
Let c(f) = -2*f - 32. Let i be c(-13). Let u be (i/(-2))/3*25. Let l = u - 30. Let h(g) = -g**2 - 5*g - 5. Calculate h(l).
-5
Let j(u) be the second derivative of u**5/20 + u**4/12 - u**3/3 + u. Suppose -41*p = -31*p - 30. Suppose 15 = -4*v + p. What is j(v)?
-12
Let k(q) = -4*q - 45 + 15 + 12*q + 14 + 15 - q**2. Let a be 11 + -1 + 4/(-2). Calculate k(a).
-1
Suppose 136 = 2*t + 2*t. Let y = t - 36. Let d(a) = -2 + a - 6*a + 1. Determine d(y).
9
Let d(q) be the second derivative of -q**4/12 - 2*q**3 - 3*q**2/2 - q. Suppose 2*r + 14 = -4*l, -24*l = -28*l + 5*r - 35. Calculate d(l).
32
Let j = 18 + -23. Let q(b) = -3*b - 7. Let i be q(j). Let y(v) = v**2 - 8*v - 6. Give y(i).
-6
Suppose 6*l = 16*l. Let n(t) be the second derivative of t**4/24 - t**3/3 + t**2 - 4*t. Let q(m) be the first derivative of n(m). Calculate q(l).
-2
Let f(z) be the third derivative of z**5/60 + z**4/6 + z**3/3 - z**2. Let p be 1/(-6) + (-292)/(-24). Suppose 0 = -9*q + p*q + 15. Calculate f(q).
7
Let y(o) = -o**2 + 215*o - 55*o - 56*o - 59*o - 62*o. Calculate y(-18).
-18
Let r(b) = -1 + 3 + 2*b - 2*b - 3*b. Let a(x) = 3*x - 1. Let f be a(2). What is r(f)?
-13
Let z(h) = 2*h + 9. Let q be -6*42/(-8) - 6/4. Let c be 9*((-12)/(-9))/4. Suppose -2*l - q = c*l. What is z(l)?
-3
Let b(r) = 4*r**3 + r**2. Let u be b(1). Suppose -u - 5 = -5*k. Let j be -6*1/k + 8. Let i(s) = -s**3 + 5*s**2 + s. What is i(j)?
5
Let d(a) = -8*a**2 + 31*a - 19. Let h(c) = 14*c**2 - 61*c + 38. Let t(b) = 5*d(b) + 3*h(b). Give t(13).
-7
Let o(n) = -3*n**3 + n**3 - 6*n**2 - 4*n**3 + 4 + 0*n**3 + 5*n**3. What is o(-3)?
-23
Let h(w) = -2*w**3 - 25*w**2 - 12*w - 28. Let z(b) = b**3 + 12*b**2 + 6*b + 13. Let c(p) = -6*h(p) - 13*z(p). Determine c(-5).
4
Let f(q) = 40*q**2 - q. Suppose 23 = 4*m - 2*m + 5*j, -7 = 2*m - j. Give f(m).
41
Suppose i = -5*o - 3 - 10, -3*i = -4*o + 1. Let p(b) be the second derivative of 0 + 2*b**2 + 2/3*b**3 - 23*b + 1/20*b**5 + 1/4*b**4. Give p(i).
-8
Let c(l) = l**2 - 2*l - 2. Suppose 6 - 6 = -m. Suppose m = -5*y - 4*b - 22, 19 - 7 = -4*b. Determine c(y).
6
Let n(s) = 9*s + 3. Let t(o) = -5*o - 1. Let y(u) = -4*n(u) - 7*t(u). Let h = 136 - 142. What is y(h)?
1
Let f(c) be the first derivative of -33*c**2 - c + 787. What is f(1)?
-67
Let g(h) = 20*h**2 - 1. Let d be 1/(-2 + 5 - 4). What is g(d)?
19
Let i(z) = -z**3 + 2 + 2*z**3 + 3 + 15*z**2 - 10*z**2 - 7*z. Suppose 5*a - 5*y - 55 = 0, -5*a - 3*y + 49 = -2*y. Let l be a/(-35) + (-40)/7. What is i(l)?
11
Let g(h) = -3*h**2 + 2*h - 1. Let r(q) = -6*q**3 - 2*q**2 + 1 + 0*q**3 + 5*q**3. Let z be r(-1). Suppose z = -x - 1 + 2. Determine g(x).
-2
Let q(i) = i**2 - 5*i - 3. Let b = 28 + 34. Let f = b + -57. Determine q(f).
-3
Let b be (-3)/((-18)/7) + (-16)/24. Let t(c) be the second derivative of 0 + b*c**2 + 2*c + 0*c**4 - 1/6*c**3 - 1/20*c**5. Calculate t(1).
-1
Let l(x) = 7*x**2 - 4*x - 7. Suppose 5 + 9 = -7*k. Let h(r) = 3*r**2 - 2*r - 4. Let g(q) = k*l(q) + 5*h(q). What is g(5)?
9
Let k(m) = -2*m + 10. Let l be (20/25 + -3)*-5. Determine k(l).
-12
Let n = -35 + 42. Let o(k) = -4*k - 9 + 8*k + n - k. Give o(2).
4
Let x(d) = -d**2 - 3*d + 11. Let k be x(-4). Let n(h) = h**3 - 8*h**2 + 6*h - 3. Calculate n(k).
-10
Let w(u) = 3*u. Let n = 43 + -14. Let q = n - 33. What is w(q)?
-12
Let d(t) = t**3 - 10*t**2 + 6*t - 3. Suppose -o + 47 = 5*h, 25 = 3*h - 2*o + o. What is d(h)?
-30
Let t(y) = -4*y - 1. Suppose -n + 6*n - 3*q = -30, -4*q + 20 = 0. Let d(p) = 3*p + 1. Let g(x) = n*d(x) - 2*t(x). Let i = 9 - 10. Give g(i).
0
Let r(d) be the first derivative of -27*d**2/2 + d - 38. What is r(-1)?
28
Suppose -5*s - 30 = -5*j, 0 = s + 1 - 0. Let w(g) = -3*g**2 - 8*g - 102 + 4*g**2 - 98 + 197. Determine w(j).
-18
Let q(y) = -y - 7. Suppose 2*t + 5*g + 49 = -t, -5*t - 65 = 5*g. What is q(t)?
1
Let d = 6 - 4. Let q(h) = -1. Let z(k) = -5*k**3 + 7*k**2 + 5*k. Let m(u) = -q(u) - z(u). Let n(x) = -x**3 + x**2 + x. Let g(a) = m(a) + 6*n(a). Give g(d).
-9
Let a(o) be the third derivative of o**8/3360 + o**7/840 - o**6/180 - o**5/120 + o**4/24 - 10*o**2. Let j(b) be the second derivative of a(b). What is j(-3)?
-16
Let k be (15/(-10))/((-1)/2). Suppose -5*q + 5 = -5*b, -3*q - 2*q + k*b = -5. Let z(w) = -2*w**3 + w**2 - w. Give z(q).
-2
Let o(d) be the second derivative of -d**5/20 - 5*d**4/12 + d**3/3 + 2*d**2 + 5*d. Let w = -90 - -39. Let t = w + 46. Calculate o(t).
-6
Let m(u) be the second derivative of -5*u**3/6 - u